{"id":48,"date":"2021-02-03T22:48:49","date_gmt":"2021-02-03T21:48:49","guid":{"rendered":"https:\/\/fahrschule-koelmel.de\/?page_id=48"},"modified":"2023-12-04T12:55:13","modified_gmt":"2023-12-04T11:55:13","slug":"ausbildungsklassen","status":"publish","type":"page","link":"https:\/\/fahrschule-koelmel.de\/?page_id=48","title":{"rendered":"Brandschutzhelfer-Ausbildung"},"content":{"rendered":"\n<p><strong>Mind. 5 % ihrer Mitarbeiter muss als Brandschutzhelfer ausgebildet sein.<\/strong><\/p>\n\n\n\n<p>Unabh\u00e4nging davon wie gro\u00df oder klein ihr Unternehmen ist. Sie als Unternehmer sind verpflichtet ihre Mitarbeiter zu sch\u00fctzen!<\/p>\n\n\n\n<p>Gerne halten wir bei ihnen vorort Inhouse Schulungen auf ihren Betrieb angepasst ab. Mit unserer Ausbildung sind sie auf der sicheren Seite.<\/p>\n\n\n\n<p>Wir erstellen ihnen ein Angebot und\/oder kostenlose Erstberatung. <\/p>\n\n\n\n<p>Anmelden oder mehr Infos gerne per Mail: fahrschule.koelmel@web.de oder tel. 0152\/31381150.<\/p>\n\n\n\n<p>Ihre Fahrschule K\u00f6lmel &#8211; Von Profis f\u00fcr Profis!<\/p>\n","protected":false},"excerpt":{"rendered":"<p>Mind. 5 % ihrer Mitarbeiter muss als Brandschutzhelfer ausgebildet sein. Unabh\u00e4nging davon wie gro\u00df oder klein ihr Unternehmen ist. Sie als Unternehmer sind verpflichtet ihre Mitarbeiter zu sch\u00fctzen! Gerne halten wir bei ihnen vorort Inhouse Schulungen auf ihren Betrieb angepasst ab. Mit unserer Ausbildung sind sie auf der sicheren Seite. Wir erstellen ihnen ein Angebot [&hellip;]<\/p>\n","protected":false},"author":1,"featured_media":0,"parent":0,"menu_order":0,"comment_status":"closed","ping_status":"closed","template":"","meta":[],"_links":{"self":[{"href":"https:\/\/fahrschule-koelmel.de\/index.php?rest_route=\/wp\/v2\/pages\/48"}],"collection":[{"href":"https:\/\/fahrschule-koelmel.de\/index.php?rest_route=\/wp\/v2\/pages"}],"about":[{"href":"https:\/\/fahrschule-koelmel.de\/index.php?rest_route=\/wp\/v2\/types\/page"}],"author":[{"embeddable":true,"href":"https:\/\/fahrschule-koelmel.de\/index.php?rest_route=\/wp\/v2\/users\/1"}],"replies":[{"embeddable":true,"href":"https:\/\/fahrschule-koelmel.de\/index.php?rest_route=%2Fwp%2Fv2%2Fcomments&post=48"}],"version-history":[{"count":11,"href":"https:\/\/fahrschule-koelmel.de\/index.php?rest_route=\/wp\/v2\/pages\/48\/revisions"}],"predecessor-version":[{"id":255,"href":"https:\/\/fahrschule-koelmel.de\/index.php?rest_route=\/wp\/v2\/pages\/48\/revisions\/255"}],"wp:attachment":[{"href":"https:\/\/fahrschule-koelmel.de\/index.php?rest_route=%2Fwp%2Fv2%2Fmedia&parent=48"}],"curies":[{"name":"wp","href":"https:\/\/api.w.org\/{rel}","templated":true}]}}